{"id":35,"date":"2020-02-25T13:27:45","date_gmt":"2020-02-25T13:27:45","guid":{"rendered":"https:\/\/noored.elva.ee\/?page_id=35"},"modified":"2022-08-16T09:42:09","modified_gmt":"2022-08-16T06:42:09","slug":"rannu-pere-ja-noortekeskus","status":"publish","type":"page","link":"https:\/\/noored.elva.ee\/?page_id=35","title":{"rendered":"Rannu Pere- ja noortekeskus"},"content":{"rendered":"\n<div class=\"wp-block-columns is-layout-flex wp-container-core-columns-is-layout-9d6595d7 wp-block-columns-is-layout-flex\">\n<div class=\"wp-block-column is-layout-flow wp-block-column-is-layout-flow\" style=\"flex-basis:100%\">\n<figure class=\"wp-block-gallery has-nested-images columns-default is-cropped wp-block-gallery-1 is-layout-flex wp-block-gallery-is-layout-flex\">\n<figure class=\"wp-block-image size-large\"><img loading=\"lazy\" decoding=\"async\" width=\"768\" height=\"1024\" data-id=\"1230\" src=\"https:\/\/noored.elva.ee\/wp-content\/uploads\/2021\/10\/IMG_6455-1-768x1024.jpg\" alt=\"\" class=\"wp-image-1230\" srcset=\"https:\/\/noored.elva.ee\/wp-content\/uploads\/2021\/10\/IMG_6455-1-768x1024.jpg 768w, https:\/\/noored.elva.ee\/wp-content\/uploads\/2021\/10\/IMG_6455-1-225x300.jpg 225w, https:\/\/noored.elva.ee\/wp-content\/uploads\/2021\/10\/IMG_6455-1-1152x1536.jpg 1152w, https:\/\/noored.elva.ee\/wp-content\/uploads\/2021\/10\/IMG_6455-1-1536x2048.jpg 1536w, https:\/\/noored.elva.ee\/wp-content\/uploads\/2021\/10\/IMG_6455-1-676x901.jpg 676w, https:\/\/noored.elva.ee\/wp-content\/uploads\/2021\/10\/IMG_6455-1-scaled.jpg 1920w\" sizes=\"auto, (max-width: 768px) 100vw, 768px\" \/><\/figure>\n\n\n\n<figure class=\"wp-block-image size-large\"><img loading=\"lazy\" decoding=\"async\" width=\"768\" height=\"1024\" data-id=\"1229\" src=\"https:\/\/noored.elva.ee\/wp-content\/uploads\/2021\/10\/IMG_6413-1-768x1024.jpg\" alt=\"\" class=\"wp-image-1229\" srcset=\"https:\/\/noored.elva.ee\/wp-content\/uploads\/2021\/10\/IMG_6413-1-768x1024.jpg 768w, https:\/\/noored.elva.ee\/wp-content\/uploads\/2021\/10\/IMG_6413-1-225x300.jpg 225w, https:\/\/noored.elva.ee\/wp-content\/uploads\/2021\/10\/IMG_6413-1-1152x1536.jpg 1152w, https:\/\/noored.elva.ee\/wp-content\/uploads\/2021\/10\/IMG_6413-1-1536x2048.jpg 1536w, https:\/\/noored.elva.ee\/wp-content\/uploads\/2021\/10\/IMG_6413-1-676x901.jpg 676w, https:\/\/noored.elva.ee\/wp-content\/uploads\/2021\/10\/IMG_6413-1-scaled.jpg 1920w\" sizes=\"auto, (max-width: 768px) 100vw, 768px\" \/><\/figure>\n\n\n\n<figure class=\"wp-block-image size-large\"><img loading=\"lazy\" decoding=\"async\" width=\"768\" height=\"1024\" data-id=\"1231\" src=\"https:\/\/noored.elva.ee\/wp-content\/uploads\/2021\/10\/IMG_6465-1-768x1024.jpg\" alt=\"\" class=\"wp-image-1231\" srcset=\"https:\/\/noored.elva.ee\/wp-content\/uploads\/2021\/10\/IMG_6465-1-768x1024.jpg 768w, https:\/\/noored.elva.ee\/wp-content\/uploads\/2021\/10\/IMG_6465-1-225x300.jpg 225w, https:\/\/noored.elva.ee\/wp-content\/uploads\/2021\/10\/IMG_6465-1-1152x1536.jpg 1152w, https:\/\/noored.elva.ee\/wp-content\/uploads\/2021\/10\/IMG_6465-1-1536x2048.jpg 1536w, https:\/\/noored.elva.ee\/wp-content\/uploads\/2021\/10\/IMG_6465-1-676x901.jpg 676w, https:\/\/noored.elva.ee\/wp-content\/uploads\/2021\/10\/IMG_6465-1-scaled.jpg 1920w\" sizes=\"auto, (max-width: 768px) 100vw, 768px\" \/><\/figure>\n\n\n\n<figure class=\"wp-block-image size-large\"><img loading=\"lazy\" decoding=\"async\" width=\"1024\" height=\"768\" data-id=\"1225\" src=\"https:\/\/noored.elva.ee\/wp-content\/uploads\/2021\/10\/IMG_6410-1-1024x768.jpg\" alt=\"\" class=\"wp-image-1225\" srcset=\"https:\/\/noored.elva.ee\/wp-content\/uploads\/2021\/10\/IMG_6410-1-1024x768.jpg 1024w, https:\/\/noored.elva.ee\/wp-content\/uploads\/2021\/10\/IMG_6410-1-300x225.jpg 300w, https:\/\/noored.elva.ee\/wp-content\/uploads\/2021\/10\/IMG_6410-1-768x576.jpg 768w, https:\/\/noored.elva.ee\/wp-content\/uploads\/2021\/10\/IMG_6410-1-1536x1152.jpg 1536w, https:\/\/noored.elva.ee\/wp-content\/uploads\/2021\/10\/IMG_6410-1-2048x1536.jpg 2048w, https:\/\/noored.elva.ee\/wp-content\/uploads\/2021\/10\/IMG_6410-1-676x507.jpg 676w\" sizes=\"auto, (max-width: 1024px) 100vw, 1024px\" \/><\/figure>\n<\/figure>\n<\/div>\n<\/div>\n\n\n\n<p class=\"has-text-align-center has-large-font-size\">Oleme avatud <strong>E-R 12-18<\/strong><\/p>\n\n\n\n<p>Meie vahvas keskkonnas leiab endale tegevust igas vanuses noor. <\/p>\n\n\n\n<p><strong>Noortekeskuses on j\u00e4rgmised v\u00f5imalused:<\/strong><\/p>\n\n\n\n<p>&gt;V\u00e4ga lai valik lauam\u00e4nge,<\/p>\n\n\n\n<p>&gt;turnimistuba pisematele,<\/p>\n\n\n\n<p>&gt;b\u00e4ndiruum, mis on varustatud akustiliste- ja elektrikitarridega,      trummikomplektiga, ukuleledega ning mitmete teiste v\u00e4iksemate l\u00f6\u00f6kpillidega,<\/p>\n\n\n\n<p>&gt;piljard<\/p>\n\n\n\n<p>&gt;4 lauaarvutit varustatud internetiga, <\/p>\n\n\n\n<p>&gt;\u00f5huhoki<\/p>\n\n\n\n<p>&gt;lauatennise m\u00e4ngimise v\u00f5imalus, <\/p>\n\n\n\n<p>&gt;lisaks palju p\u00f5nevaid l\u00f5ika-kleebi-v\u00e4rvi v\u00f5imalusi.<\/p>\n\n\n\n<p><\/p>\n\n\n\n<p>Aadress: Elva tee 3,  II korrus, Rannu alevik, Elva vald, 61111<\/p>\n\n\n\n<p>Noorsoot\u00f6\u00f6juht: Tairi Paumets<\/p>\n\n\n\n<p>e-post: <a href=\"mailto:rannu.noortekeskus@elva.ee\">rannu.noortekeskus@elva.ee<\/a><\/p>\n\n\n\n<p><\/p>\n\n\n\n<p><\/p>\n\n\n\n<p><\/p>\n\n\n\n<p><strong>Hea noor (7-26)<\/strong><\/p>\n\n\n\n<p><strong>Soovid teada, kuidas oma vaba aega veeta nii, et omandad uusi teadmisi, oskusi ja loomulikult uusi s\u00f5pru ja tuttavaid siis anna end \u00fcles. Lisame Sind info saajate hulka ja leiad omale sobiva tegevuse v\u00f5i s\u00fcndmuse, millest osa v\u00f5tta. Huvitegevused ja -ringid on suunatud noortele vanuses 7-26 a.<\/strong><\/p>\n\n\n\n<figure class=\"wp-block-table alignfull is-style-regular\"><table class=\"has-fixed-layout\"><tbody><tr><td><strong>Esmasp\u00e4ev<\/strong><\/td><\/tr><tr><td><strong>KELL<\/strong><\/td><td><strong>TEGEVUS<\/strong><\/td><td><strong>JUHENDAJA<\/strong><\/td><td><strong>ASUKOHT<\/strong><\/td><td><strong>MUU INFO<\/strong><\/td><\/tr><tr><td>14.30-15.30<\/td><td>Judo<\/td><td>Tarvo J\u00f5geva<\/td><td>Rannu Rahvamaja<\/td><td>Spordiklubi ALTIA<\/td><\/tr><tr><td>13.00-15.00<\/td><td>Kabering<\/td><td>Anna L\u00fctsepp<\/td><td>Rannu Rahvamaja, Noortekeskuse maja<\/td><td><\/td><\/tr><tr><td><\/td><td><\/td><td><\/td><td><\/td><td><\/td><\/tr><tr><td><strong>Teisip\u00e4ev<\/strong><\/td><\/tr><tr><td><strong>KELL<\/strong><\/td><td><strong>TEGEVUS<\/strong><\/td><td><strong>JUHENDAJA<\/strong><\/td><td><strong>ASUKOHT<\/strong><\/td><td><strong>MUU INFO<\/strong><\/td><\/tr><tr><td>16.30-18.00<\/td><td>N\u00e4itering<\/td><td>Anna L\u00fctsepp<\/td><td>Rannu Rahvamaja<\/td><td><\/td><\/tr><tr><td><\/td><td><\/td><td><\/td><td><\/td><td><\/td><\/tr><tr><td><strong>Kolmap\u00e4ev<\/strong><\/td><\/tr><tr><td><strong>KELL<\/strong><\/td><td><strong>TEGEVUS<\/strong><\/td><td><strong>JUHENDAJA<\/strong><\/td><td><strong>ASUKOHT<\/strong><\/td><td><strong>MUU INFO<\/strong><\/td><\/tr><tr><td>14.30-15.30<\/td><td>Judo<\/td><td>Tarvo J\u00f5geva<\/td><td>Rannu Rahvamaja<\/td><td>Spordiklubi ALTIA<\/td><\/tr><tr><td><\/td><td><\/td><td><\/td><td><\/td><td><\/td><\/tr><tr><td><strong>Neljap\u00e4ev<\/strong><\/td><\/tr><tr><td><strong>KELL<\/strong><\/td><td><strong>TEGEVUS<\/strong><\/td><td><strong>JUHENDAJA<\/strong><\/td><td><strong>ASUKOHT<\/strong><\/td><td><strong>MUU INFO<\/strong><\/td><\/tr><tr><td>14.00-18.00<\/td><td>B\u00e4ndiring<\/td><td>Liisa Tulvik<\/td><td>Rannu Rahvamaja, Noortekeskuse maja<\/td><td>Kitarr ja ukulele<\/td><\/tr><tr><td><\/td><td><\/td><td><\/td><td><\/td><td><\/td><\/tr><tr><td><strong>Reede<\/strong><\/td><\/tr><tr><td><strong>KELL<\/strong><\/td><td><strong>TEGEVUS<\/strong><\/td><td><strong>JUHENDAJA<\/strong><\/td><td><strong>ASUKOHT<\/strong><\/td><td><strong>MUU INFO<\/strong><\/td><\/tr><tr><td>14.00-15.30<\/td><td>Kokandus<\/td><td>Magdalena Kalev<\/td><td>Rannu Rahvamaja, Noortekeskuse maja<\/td><td><\/td><\/tr><\/tbody><\/table><\/figure>\n\n\n\n<figure class=\"wp-block-gallery has-nested-images columns-default is-cropped wp-block-gallery-2 is-layout-flex wp-block-gallery-is-layout-flex\">\n<figure class=\"wp-block-image size-large\"><img loading=\"lazy\" decoding=\"async\" width=\"1024\" height=\"724\" data-id=\"1374\" src=\"https:\/\/noored.elva.ee\/wp-content\/uploads\/2022\/04\/271990507_488649006036599_1483687287646160004_n-1024x724.png\" alt=\"\" class=\"wp-image-1374\" srcset=\"https:\/\/noored.elva.ee\/wp-content\/uploads\/2022\/04\/271990507_488649006036599_1483687287646160004_n-1024x724.png 1024w, https:\/\/noored.elva.ee\/wp-content\/uploads\/2022\/04\/271990507_488649006036599_1483687287646160004_n-300x212.png 300w, https:\/\/noored.elva.ee\/wp-content\/uploads\/2022\/04\/271990507_488649006036599_1483687287646160004_n-768x543.png 768w, https:\/\/noored.elva.ee\/wp-content\/uploads\/2022\/04\/271990507_488649006036599_1483687287646160004_n-676x478.png 676w, https:\/\/noored.elva.ee\/wp-content\/uploads\/2022\/04\/271990507_488649006036599_1483687287646160004_n.png 1200w\" sizes=\"auto, (max-width: 1024px) 100vw, 1024px\" \/><\/figure>\n<\/figure>\n\n\n\n<h2 class=\"wp-block-heading\">2021 <a rel=\"noreferrer noopener\" href=\"https:\/\/noored.elva.ee\/?page_id=968\" target=\"_blank\">Malev<\/a><\/h2>\n\n\n\n<p>Leia meid <a href=\"https:\/\/www.facebook.com\/groups\/1449887698561158\">Facebookis<\/a><\/p>\n","protected":false},"excerpt":{"rendered":"<p>Oleme avatud E-R 12-18 Meie vahvas keskkonnas leiab endale tegevust igas vanuses noor. Noortekeskuses on j\u00e4rgmised v\u00f5imalused: &gt;V\u00e4ga lai valik lauam\u00e4nge, &gt;turnimistuba pisematele, &gt;b\u00e4ndiruum, mis on varustatud akustiliste- ja elektrikitarridega, trummikomplektiga, ukuleledega ning mitmete teiste v\u00e4iksemate l\u00f6\u00f6kpillidega, &gt;piljard &gt;4 lauaarvutit varustatud internetiga, &gt;\u00f5huhoki &gt;lauatennise m\u00e4ngimise v\u00f5imalus, &gt;lisaks palju p\u00f5nevaid l\u00f5ika-kleebi-v\u00e4rvi v\u00f5imalusi. Aadress: Elva tee 3, [&hellip;]<\/p>\n","protected":false},"author":10,"featured_media":0,"parent":79,"menu_order":0,"comment_status":"closed","ping_status":"closed","template":"","meta":{"footnotes":""},"class_list":["post-35","page","type-page","status-publish","hentry","post-preview"],"_links":{"self":[{"href":"https:\/\/noored.elva.ee\/index.php?rest_route=\/wp\/v2\/pages\/35","targetHints":{"allow":["GET"]}}],"collection":[{"href":"https:\/\/noored.elva.ee\/index.php?rest_route=\/wp\/v2\/pages"}],"about":[{"href":"https:\/\/noored.elva.ee\/index.php?rest_route=\/wp\/v2\/types\/page"}],"author":[{"embeddable":true,"href":"https:\/\/noored.elva.ee\/index.php?rest_route=\/wp\/v2\/users\/10"}],"replies":[{"embeddable":true,"href":"https:\/\/noored.elva.ee\/index.php?rest_route=%2Fwp%2Fv2%2Fcomments&post=35"}],"version-history":[{"count":32,"href":"https:\/\/noored.elva.ee\/index.php?rest_route=\/wp\/v2\/pages\/35\/revisions"}],"predecessor-version":[{"id":1402,"href":"https:\/\/noored.elva.ee\/index.php?rest_route=\/wp\/v2\/pages\/35\/revisions\/1402"}],"up":[{"embeddable":true,"href":"https:\/\/noored.elva.ee\/index.php?rest_route=\/wp\/v2\/pages\/79"}],"wp:attachment":[{"href":"https:\/\/noored.elva.ee\/index.php?rest_route=%2Fwp%2Fv2%2Fmedia&parent=35"}],"curies":[{"name":"wp","href":"https:\/\/api.w.org\/{rel}","templated":true}]}}