{"id":91,"date":"2020-04-17T10:25:34","date_gmt":"2020-04-17T10:25:34","guid":{"rendered":"https:\/\/noored.elva.ee\/?page_id=91"},"modified":"2022-07-19T08:54:54","modified_gmt":"2022-07-19T05:54:54","slug":"kasulik-info","status":"publish","type":"page","link":"https:\/\/noored.elva.ee\/?page_id=91","title":{"rendered":"Kasulik info"},"content":{"rendered":"\n<p>Siit leiad kasulikku infot ja viiteid Sulle huvipakkuvatele allikatele<\/p>\n\n\n\n<p><a href=\"https:\/\/www.teeviit.ee\/\">Teeviit<\/a> &#8211; <em>riiklik noorteinfo veebileht, mis suunab ja pakub vahetut infot ning teavet hariduse ja \u00f5ppimise, t\u00f6\u00f6 ja karj\u00e4\u00e4ri, suhete, tervise ja \u00fchiskonna alaste teemade osas. &nbsp;<\/em><\/p>\n\n\n\n<p><a href=\"https:\/\/enl.ee\/\">ENL<\/a> &#8211; <em>Eesti Noorte\u00fchenduste Liit ( ENL) on katuseorganisatsioon, mis \u00fchendab Eestis tegutsevaid noorte\u00fchendusi ja osaluskogusid. ENL korraldab noorte osalust toetavaid kampaaniaid ja projekte. <\/em><\/p>\n\n\n\n<p><a href=\"http:\/\/opilasliit.ee\/\">Eesti \u00d5pilasesinduste Liit<\/a> &#8211;<em> E\u00d5ELi eesm\u00e4rk on esindada \u00f5pilaste ja \u00f5pilasesinduste huve avalikkuse ees, liit korraldab erinevaid \u00fcmarlaudu, koolitusseminare, uuringuid, laagreid, foorumeid jne. <\/em><\/p>\n\n\n\n<p> <a href=\"https:\/\/eyl.ee\/\">Eesti \u00dcli\u00f5pilaskondade Liit<\/a> &#8211; <em>E\u00dcL on \u00fcli\u00f5pilaste katuseorganisatsioon, mille eesm\u00e4rk on esindada Eesti \u00fcli\u00f5pilaste hariduslikke ja sotsiaalmajanduslikke huve ning kaitsta tudengite \u00f5igusi. E\u00dcL v\u00e4ljastab rahvusvahelist \u00f5pilas-, \u00fcli\u00f5pilas-, \u00f5ppej\u00f5u- ja noortekaarti ISIC.<\/em><\/p>\n\n\n\n<p><a href=\"https:\/\/www.tootukassa.ee\/\">T\u00f6\u00f6tukassa<\/a> &#8211; <em>karj\u00e4\u00e4riinfo ja -n\u00f5ustamine,  t\u00f6\u00f6pakkumised, t\u00f6\u00f6tuna arvele v\u00f5tmine,  erinevad toetused ja h\u00fcvitised<\/em>.<\/p>\n\n\n\n<p><a href=\"http:\/\/www.amor.ee\/\">Amor.ee<\/a> &#8211; <em>seksuaaltervisealane noorteveeb. K\u00fcsi veebi kaudu n\u00f5u v\u00f5i leia ise lehelt vastused k\u00fcsimustele seoses armastuse ja suhete, keha arengu, seksuaalsuse ja seksi kohta.<\/em><\/p>\n\n\n\n<p><a href=\"https:\/\/tartumaanoored.ee\/\">Tartumaa Noortekogu<\/a> &#8211; <em>TMNK esindab Tartumaa noori ja seisab nende huvide eest ja kaitseb nende \u00f5igusi. TMNK koordineerib Noortefondi, mis &nbsp;toetab noorte v\u00e4ikeprojekte s\u00fcndmuste korraldamiseks.<\/em><\/p>\n\n\n\n<p><\/p>\n\n\n\n<p><a href=\"http:\/\/www.kutseharidus.ee\/\">Kutseharidus.ee<\/a> &#8211; <em>kutsehariduse infoportaal, mis annab \u00fclevaate kutsehariduse omandamise v\u00f5imalustest ja koolidest Eestis<\/em>,<em> samuti v\u00f5imalustest v\u00e4lismaal.<\/em><\/p>\n\n\n\n<p><a href=\"https:\/\/noor.targaltinternetis.ee\/\">Targalt Internetis<\/a> &#8211; <em>siit leiad vastused, kuidas internetis suhelda v\u00f5i kuidas olla nutikalt mobiilis. Mida postitada ja mida mitte postitada sotsiaalv\u00f5rgustikes, kuidas \u00e4ra tunda ja mida teha kui oled k\u00fcberkiusamise ohver<\/em>.<\/p>\n\n\n\n<p><a href=\"https:\/\/www.lasteabi.ee\/\">Lasteabi<\/a> &#8211; <em>v\u00f5imalus k\u00fcsida abi v\u00e4ga paljude erinevate k\u00fcsimuste ja probleemide korral.<\/em><\/p>\n\n\n\n<p><a href=\"https:\/\/minuidee.ee\/\">Minu idee<\/a> &#8211; <em>n\u00e4pun\u00e4iteid eduka \u00fcrituse  ja projekti korraldamiseks ning elluviimiseks. <\/em><\/p>\n\n\n\n<p><\/p>\n","protected":false},"excerpt":{"rendered":"<p>Siit leiad kasulikku infot ja viiteid Sulle huvipakkuvatele allikatele Teeviit &#8211; riiklik noorteinfo veebileht, mis suunab ja pakub vahetut infot ning teavet hariduse ja \u00f5ppimise, t\u00f6\u00f6 ja karj\u00e4\u00e4ri, suhete, tervise ja \u00fchiskonna alaste teemade osas. &nbsp; ENL &#8211; Eesti Noorte\u00fchenduste Liit ( ENL) on katuseorganisatsioon, mis \u00fchendab Eestis tegutsevaid noorte\u00fchendusi ja osaluskogusid. ENL korraldab noorte [&hellip;]<\/p>\n","protected":false},"author":4,"featured_media":0,"parent":0,"menu_order":0,"comment_status":"closed","ping_status":"closed","template":"","meta":{"footnotes":""},"class_list":["post-91","page","type-page","status-publish","hentry","post-preview"],"_links":{"self":[{"href":"https:\/\/noored.elva.ee\/index.php?rest_route=\/wp\/v2\/pages\/91","targetHints":{"allow":["GET"]}}],"collection":[{"href":"https:\/\/noored.elva.ee\/index.php?rest_route=\/wp\/v2\/pages"}],"about":[{"href":"https:\/\/noored.elva.ee\/index.php?rest_route=\/wp\/v2\/types\/page"}],"author":[{"embeddable":true,"href":"https:\/\/noored.elva.ee\/index.php?rest_route=\/wp\/v2\/users\/4"}],"replies":[{"embeddable":true,"href":"https:\/\/noored.elva.ee\/index.php?rest_route=%2Fwp%2Fv2%2Fcomments&post=91"}],"version-history":[{"count":12,"href":"https:\/\/noored.elva.ee\/index.php?rest_route=\/wp\/v2\/pages\/91\/revisions"}],"predecessor-version":[{"id":1392,"href":"https:\/\/noored.elva.ee\/index.php?rest_route=\/wp\/v2\/pages\/91\/revisions\/1392"}],"wp:attachment":[{"href":"https:\/\/noored.elva.ee\/index.php?rest_route=%2Fwp%2Fv2%2Fmedia&parent=91"}],"curies":[{"name":"wp","href":"https:\/\/api.w.org\/{rel}","templated":true}]}}